c) = c**3 - 3*c**2 - c - 3. Suppose -g = -2*o + 6*o - 106, 4*o = 5*g + 118. Suppose -5*h + 3*m + o = 0, -4*m - 4 = -3*m. What is q(h)?
-6
Let s(z) = 4*z**2 + 2*z + 1. Let b(r) = -5*r**2 - 4*r - 3. Let w(k) = -3*b(k) - 4*s(k). Let t = 1 - -3. Determine w(t).
5
Suppose 15*r - 9*r - 60 = 0. Let t be (-1 + r - 5) + (1 - 11). Let n(g) = g + 4*g - 4*g. Calculate n(t).
-6
Let t(f) = -2*f**3 - 13*f**2 - 2*f - 37. Let w(z) = -z**3 - 7*z**2 - z - 19. Let n(b) = 6*t(b) - 13*w(b). Give n(-13).
12
Let m(k) = 21*k. Let b(r) = -2*r. Let w(j) = 49*b(j) + 5*m(j). Let l = 13 + -18. Let p = l - -4. Give w(p).
-7
Let l(t) = t - 1. Let s be (-56)/(-72) + (-2)/(-9). Suppose s = 2*i + 5. Give l(i).
-3
Let f(b) = b**2 + 3*b + 1. Suppose 3*g = g + 4, -4*l + 4*g + 184 = 0. Let o = l + -51. Determine f(o).
1
Let a(z) = 2*z + 6. Let d(s) = 17*s**3 + s**2 + 2*s + 1. Let p be d(-1). Let g(t) = 55*t + 32. Let c be g(-1). Let u = p - c. Determine a(u).
18
Let s(p) = p + 0*p + 1 - 2*p. Let d = 442 + -446. Give s(d).
5
Let a be (60 - 62) + (-2 + 4 - 0). Let l(t) be the third derivative of 1/24*t**4 - 7*t**2 + 0*t + a + 1/2*t**3. Calculate l(-4).
-1
Suppose -6*z = -5 - 1. Let q be (24/10)/((-9)/(-30)). Let y(w) = -q*w + 9*w + 4 + 12*w**3 - 2 - 3. Determine y(z).
12
Let i(d) be the second derivative of -d**5/20 - d**4/4 - d**3/2 - d**2/2 - 2*d - 50. Calculate i(-3).
8
Let v be 14/(-2)*102/(-357). Let l(r) = 4*r**3 + r**2 - 2*r + 3. Calculate l(v).
35
Let c(i) be the second derivative of 0 - 7/6*i**3 + 45*i - 7/2*i**2 - 1/20*i**5 - 1/2*i**4. Let d(j) = -5*j**3 - j + 1. Let w be d(1). Give c(w).
3
Let l(t) = t**2 + 11*t - 32. Let x be l(-13). Let u(z) = z**2 + 2*z - 8. Calculate u(x).
16
Let b(j) = j**3 + 4*j**2 - j + 4. Let t(f) = f**3 - 10*f**2 + 16*f - 4. Let k(x) = -6*x - 34. Let u be k(-7). Let n be t(u). Determine b(n).
8
Let b(v) = -7*v**2 + 2*v + 1. Let i(q) = -2*q**2 - 1. Let m(y) = b(y) - 3*i(y). What is m(3)?
1
Let a = 12 - 5. Let g = a - 0. Let t(j) = -5*j - g + 3*j - 2*j**2 + 9. What is t(-2)?
-2
Let b(t) = -52 + 0*t - 6*t**2 - t**3 + 25 + 19 - 5*t. Calculate b(-6).
22
Let v(p) = -42*p**2 + 8*p - 1. Let j(o) = 23*o**2 - 4*o. Let q(l) = 11*j(l) + 6*v(l). Give q(-7).
15
Let o be 9 + -12 + (-7)/(-1). Suppose -3*t - 4*b + 24 = -b, 5*t - o*b - 13 = 0. Suppose h - 4*d - 2 - 13 = 0, -t = d. Let r(p) = p. What is r(h)?
-5
Let f(w) be the second derivative of -w**4/3 - w**3/6 + w**2/2 + 19*w + 2. Give f(2).
-17
Let k be (-10)/55 + (-92)/(-22). Let f(y) = 5*y. Let u be f(5). Suppose d + k*d + u = 0. Let b(g) = g**3 + 6*g**2 + 3*g - 7. Determine b(d).
3
Let m(l) = l - 8. Let t(p) = 4*p - 25. Let v(d) = -7*m(d) + 2*t(d). Let q be (-2 - 1)*4 - 120/(-20). Calculate v(q).
0
Let u(r) = -r**2 - 7*r - 8. Let m be u(-6). Let v = m + -1. Let z(h) be the second derivative of -h**3/6 - 3*h**2/2 - 236*h. Give z(v).
0
Let d = 17 - 9. Suppose 2*t = d - 4. Let l(c) = 0*c**t - 7*c + 2 - 6 - c**2 + 3. What is l(-6)?
5
Let p = 2 + 2. Suppose p*v - 28 = -0*b + 4*b, 4*v + 2*b + 2 = 0. Suppose v*l + 1 = l. Let y(z) = -6*z**2 + z + 1. Determine y(l).
-6
Let u = 3471 + -3466. Let g(k) = -k + 1. Let x(i) = -4*i + 4. Let s(y) = -7*g(y) + 2*x(y). Give s(u).
-4
Let d be (-93 - 2)*21/(-35). Let w(x) = -d - x**3 + 2*x - x + 53 + 7*x**2. Calculate w(7).
3
Let y(l) be the second derivative of 5*l**3/2 + l - 18. Give y(1).
15
Let o(s) = -s + 12. Let x(d) = d - 7. Let c(j) = 3*o(j) + 5*x(j). What is c(-5)?
-9
Let i(m) = 4*m**3 + 42*m**2 + 21*m + 42. Let z(x) = x**3 + 8*x**2 + 4*x + 8. Let b(k) = -2*i(k) + 11*z(k). Determine b(-3).
-47
Let b(k) = -k - 12. Let o(c) = c**2 + c + 4. Let m be o(0). Let t(a) = a + 14. Let y(v) = m*b(v) + 3*t(v). Calculate y(-5).
-1
Let h(f) = -9*f**2 + 2*f + 35. Let u(j) = 5*j**2 - 18. Let n(l) = 6*h(l) + 11*u(l). Give n(-11).
1
Suppose -3*b - 3*l + 2*l + 14 = 0, -2*b = -4*l + 14. Suppose 3*r + 2*r + 2*u = -33, r - 3*u + 10 = 0. Let w = b + r. Let n(j) = j**2 + 3*j - 1. Determine n(w).
3
Let s(i) = -1 + 0 + 2 + 9*i - 2. Calculate s(-3).
-28
Let p(y) = -4*y**2 + 3*y - 6. Let j(r) = 3*r**2 + 4*r - 1. Let f(l) = -j(l) - p(l). Let u = 6 + 0. What is f(u)?
1
Let t(o) = o**3 + 4*o**2 - o. Let b = 86 + -35. Let q = -55 + b. Calculate t(q).
4
Let l be (4/(-8))/(1/(-2)). Let h be l + -2 - (-11 - -16). Let v(w) = w**2 + 5*w - 1. Give v(h).
5
Let f = -1283 + 1286. Let m(y) = -18*y. Determine m(f).
-54
Let x(q) = 7*q + 139. Let v be x(-20). Let s(w) = 10*w + 2. Determine s(v).
-8
Let u(h) = h**2 + 4*h + 2. Let k = -10 + 27. Let x = -22 + k. Calculate u(x).
7
Let v(d) be the third derivative of -d**6/120 + d**5/5 + d**4/24 + d**3/6 + 306*d**2. What is v(12)?
13
Suppose 4 = -3*g + 5*f, f - 6 = -7. Let k(b) = -b**2 - 3*b - 2. Determine k(g).
-2
Let t(k) = 8*k - 1. Let h be 3 + (2/(-2) - 4). Determine t(h).
-17
Let q(j) = 2*j - 19 + 2*j + 8 + 2. Let h(x) = x - 2. Let u(a) = 26*h(a) - 6*q(a). Calculate u(-6).
-10
Let i(j) = 4*j - 1. Let l(u) be the first derivative of -u**2/2 - 5. Let o(w) = -i(w) - 3*l(w). Calculate o(1).
0
Let d(j) be the third derivative of -13*j**2 - 1/120*j**6 + 2/3*j**3 - 5/24*j**4 - 7/60*j**5 + 0 + 0*j. Give d(-6).
-2
Let z(i) be the third derivative of -i**7/840 - i**6/180 + i**5/60 - 5*i**4/24 - 37*i**3/6 - 35*i**2. Let w(v) be the first derivative of z(v). Give w(-4).
19
Let b(u) = 21*u. Suppose -3*a - 15 + 5 = -m, 4*m + 5 = 3*a. Let v = a + 6. What is b(v)?
21
Let p(g) = -g**2 - 5*g + 9. Suppose -56 = -12*h + 8*h. Let a be (-72)/(-5) - h/35. Suppose -5*v + a = -7*v. Calculate p(v).
-5
Let d(m) = 3*m**3. Let v be (-222)/(-42) - (-2)/(-7). Suppose 5*a + 0 = -v. Give d(a).
-3
Suppose 61*a = 29*a + 512. Let c(l) = -l**2 + 17*l - 21. Determine c(a).
-5
Let s be (4 + -5)*1*21. Let y be ((-7)/s)/(2/(-18)). Let j(l) be the first derivative of l**3/3 + 5*l**2/2 + 2*l + 12. What is j(y)?
-4
Let g = -97 + 91. Let s be (g - 105/(-7))*(-2)/(-6). Let v(m) = m. What is v(s)?
3
Suppose 115 = -13*x + 24. Let i(g) = -9*g**2 + g - 11. Let v(a) = -4*a**2 - 5. Let j(l) = x*v(l) + 3*i(l). What is j(3)?
20
Let r(v) be the first derivative of -v**3/3 - 4*v**2 - 12*v + 33. What is r(-7)?
-5
Let b = 647 - 646. Let t(m) = -7*m**2 - m - 1. Calculate t(b).
-9
Let f(c) = -c**2 - 4 - 7*c - 3*c + 12*c - 7*c. Suppose -2*z + 0 = 4. Let t(a) = -2*a**2 - 2*a. Let q be t(z). Give f(q).
0
Let q(a) = -5*a**3 + 4*a**2 - 5*a + 9. Let d(o) = 22*o**3 - 14*o**2 + 19*o - 35. Let b(l) = -2*d(l) - 9*q(l). Determine b(7).
-11
Let c(o) = -o - 11. Let x(b) = b**2 - 28*b + 84. Let k be x(24). Determine c(k).
1
Let b(r) = -2*r + 2*r**2 + 22*r**2 - 25*r**2 + r**3 + 1 + 0*r. Determine b(2).
1
Let h(b) be the third derivative of -b**5/30 + b**4/24 - 11*b**3/2 + 20*b**2. Let l(t) be the first derivative of h(t). Let k = 4 - 7. Calculate l(k).
13
Let b(i) = 2*i + 3. Let m be b(-3). Let d(a) be the third derivative of -a**6/120 - a**5/15 - a**4/24 - 86*a**2. Give d(m).
-6
Suppose 6*i = -29 - 115. Let u be (-130)/4*i/30. Suppose -a + f + 3 - 2 = 0, a - u = -4*f. Let w(t) = -t + 6. Give w(a).
0
Let a(o) be the first derivative of -o**4/2 + 16*o**3/3 + 11*o - 625. Give a(8).
11
Let y(t) = -t**3 - 2*t - 1. Suppose -114 + 109 = 5*s. What is y(s)?
2
Let q(j) be the second derivative of j**4/12 + 7*j**3/6 + 4*j**2 + 156*j. Calculate q(-2).
-2
Let b be (-2)/(-6) + 3/(-9). Let a(l) = -l - 4*l**3 + b*l + 0*l. Suppose -r - 2*r = 3. What is a(r)?
5
Let c(t) = -t**2 - 2*t + 29. Let k = -1152 - -1145. What is c(k)?
-6
Let p(r) be the third derivative of r**8/6720 - r**7/840 - r**6/360 + r**5/120 + r**4/24 - 9*r**2. Let k(l) be the second derivative of p(l). Calculate k(4).
9
Let i(s) = -s**2 + 4. Let n(m) = -m + 7. Suppose -3*b = -2*b - 4, 2*b = -3*o - 19. Let r be n(o). Suppose 5*h + 1 - r = 0. Give i(h).
-5
Suppose 20*i - 6 = 17*i. Let c(n) = 6 + 79*n - 5 + i*n**2 - 77*n - 2. Calculate c(-3).
11
Let c(d) be the third derivative of -d**8/6720 - d**7/504 + d**5/60 + d**4/4 - 13*d**2. Let r(p) be the second derivative of c(p). Calculate r(-5).
2
Let z(k) = 1030 - 3*k**3 - 4*k**2 + 2*k**3 + k - 1026. Determine z(-3).
-8
Suppose 10*l + 15*l + 150 = 0. Let j(w) = w**3 + 6*w**2 + 3*w - 5. Let n(c) = -c - 1. Let s(i) = -j(i) - 3*n(i). What is s(l)?
8
Let n(p) = -p + 1. Suppose 2*a + 4*a = -72. Let h be a/(-9)*(-9)/6. Give n(h).
3
Let p(m) = m**